z + 0 = -2*r + 6. List the prime factors of z.
2
Let p(z) = 2*z**2 - 16*z + 20. What are the prime factors of p(-6)?
2, 47
Suppose 0 = -v - 3 + 6. Let p(a) = 3*a**2 - 5*a + 4. Let w be p(v). Suppose m - f = w, 4*m + 4*f + 20 = 52. What are the prime factors of m?
2, 3
Suppose -4*f = -1 - 79. What are the prime factors of -2 - (1 + 2 - f)?
3, 5
Suppose 0 = 3*v - 0*c - 4*c - 51, 4*v - 4*c = 72. What are the prime factors of v?
3, 7
Let s = 34 + -20. List the prime factors of s.
2, 7
Let y(o) = -o**3 + 2*o + 9. Let m(a) = -a**3 - a**2 + a + 8. Let k(n) = -5*m(n) + 4*y(n). What are the prime factors of k(-3)?
5
Suppose -p + 21 = 2*w - 5*w, -w + 3 = 3*p. Let c(f) = -4*f - 8. List the prime factors of c(w).
2
Let f = 11 - 9. Suppose v - f = -0*v. List the prime factors of v.
2
Suppose -15 = -5*l, 0 = 4*n - n - l - 12. Suppose -50 = -0*z - n*z. List the prime factors of z.
2, 5
Let l(t) = t + 3. Let u be l(-5). Let g be (4 + -6)/(u/5). What are the prime factors of (g - -11)*(-2)/(-4)?
2
Let y = 2 + 0. Suppose -7*d - 5*b + 15 = -y*d, 0 = 2*b. Suppose -4*w = 2*c - 50, 2*w + 4*c = 37 - d. List the prime factors of w.
11
Suppose -5*b + 438 + 192 = 0. What are the prime factors of b?
2, 3, 7
Suppose 0 = p - v - 3, p - 3*p = 2*v + 14. Let i = p - -13. List the prime factors of i.
11
Let l = 1 + -5. What are the prime factors of ((-231)/14)/(3/l)?
2, 11
Let h(g) = 7*g**2 - 7*g + 12. List the prime factors of h(5).
2, 19
Suppose u - 3*h = 327, -5*u - 5*h + 1575 = -0*h. What are the prime factors of u?
2, 3, 53
Let b = 2 - -1. Suppose b*p - 84 = -2*t + 7*p, 5*p + 48 = t. List the prime factors of t.
2, 19
Suppose -3*k + 45 = -42. List the prime factors of k.
29
Suppose w - 211 = -0*w - 2*m, 0 = -4*m + 12. List the prime factors of w.
5, 41
Suppose -u - 40 = -h, -5*h = u - 96 - 122. Let k = -28 + h. What are the prime factors of k?
3, 5
Let o = 10 - 5. Suppose -4*a + 5*a = -k + 16, 3*k - o*a = 16. What are the prime factors of k?
2, 3
Suppose -5*j = -828 - 312. What are the prime factors of j?
2, 3, 19
Let v(c) = 39*c**3 - 2*c**2 - c - 2. Let w(x) = -117*x**3 + 6*x**2 + 4*x + 7. Let b(p) = 7*v(p) + 2*w(p). What are the prime factors of b(1)?
2, 19
Let t = 9 + -5. Let z(n) = 2*n**2 + 3*n - 4. Let d be z(-4). List the prime factors of 37/4 - t/d.
3
Suppose -3*y - 15 = 2*y - 3*b, 0 = 2*y + 5*b + 37. Let d = -1 + -2. Let o = d - y. What are the prime factors of o?
3
Suppose -2*f + 1 = 5*h + 9, 28 = 4*f - h. What are the prime factors of (0 - (-3)/f)*8?
2
Suppose -6*d + 4*d = -30. What are the prime factors of d?
3, 5
Let n(r) = -r**2 - 3*r + 64. What are the prime factors of n(0)?
2
Let o = 203 - 115. What are the prime factors of o?
2, 11
Let j(v) = 4*v**2 - 4*v - 6. What are the prime factors of j(6)?
2, 3, 19
Let w(b) = -13*b + 9. Let y be w(-5). Let v = y - 52. What are the prime factors of v?
2, 11
Let g(d) = -248*d**3 + d**2 + d - 1. What are the prime factors of g(-1)?
13, 19
Suppose -3*l = -2*j - 467, -3*l = -l - 3*j - 308. What are the prime factors of l?
157
Suppose 2*p = -2*v, 4*v - 3*v - 5*p - 12 = 0. What are the prime factors of (-4 + -10)/(v/(-4))?
2, 7
Let v(g) = -g**2 - 7*g - 7. Let y be 15*(2 - 14/6). List the prime factors of v(y).
3
Let t(p) be the first derivative of -p**4/4 + 2*p**3 + p**2 - 5*p - 4. What are the prime factors of t(6)?
7
Suppose 0 = -2*f - f - 30. Let s be (1 - -14)*(-8)/f. Suppose -2*k = 3*g - 0 - 6, 4*k - g - s = 0. List the prime factors of k.
3
Suppose 0 = -5*s + 3*s. Suppose -2*d + 4*m - 64 = s, -m - 19 = 4*d + 100. Let i = -19 - d. What are the prime factors of i?
11
Let f be (-1)/(6/(-10))*3. List the prime factors of (9 - -6)*8/f.
2, 3
Suppose 61 - 21 = -f. Let i = -29 - f. What are the prime factors of i?
11
Suppose -2*t = -4*t. Suppose t = -5*q + q + 8. Suppose 0 = -q*j + 29 - 9. What are the prime factors of j?
2, 5
Suppose 5*q - 5*r - 1285 = 0, -3*q = 4*r - 801 + 9. List the prime factors of q.
2, 5, 13
What are the prime factors of ((-48)/20 + 2)*-105?
2, 3, 7
Let q = -4 + 7. Suppose t + 4*t - 20 = -q*o, 2*o = -t - 3. List the prime factors of t.
7
Suppose 0 = p + 4 - 6. List the prime factors of p.
2
Let y = -13 + 18. Suppose -p + 1 = y*u, -4*p + 0*u = -2*u - 114. What are the prime factors of p?
2, 13
Let p be (-4)/(-10) + (-17)/5. Let t = -1 - p. Suppose -4*g = -t*m - 10, 6*m - 29 = -5*g + 3*m. List the prime factors of g.
2
Let r = 27 + 0. List the prime factors of r.
3
Let v(d) = d**3 + d**2 + d + 1. Let g(f) = 5*f**3 + 12*f**2 + 4*f + 12. Let h(s) = -g(s) + 6*v(s). What are the prime factors of h(6)?
2, 3
Let y(m) = -m**2 - m - 1. Let h(f) = -f**2 + 3*f + 5. Let x(b) = -h(b) - 4*y(b). Let v be x(1). Suppose 0 = v*c - 31 - 29. List the prime factors of c.
2, 3
Let h(v) = -v + 13. List the prime factors of h(-13).
2, 13
Suppose -3*m + 141 = 5*r - 0*r, -3*r + m = -93. Suppose 4*d + 21 = 5, -r = -2*k + 4*d. What are the prime factors of k?
7
Let z(s) = 8*s - 6. Let a be z(-4). Let h = a + 64. What are the prime factors of h?
2, 13
Suppose -s = -3*d - 81, 2*d - 3*s = -2*d - 103. List the prime factors of d/7 - (-48)/2.
2, 5
Let s = 7 - 10. Let d be 31 - (-2 - s - 0). Let y = d + -19. List the prime factors of y.
11
Let t(n) = 4*n + 2. Let h be t(-3). Let b = -7 - h. List the prime factors of b.
3
Let w(d) = d**2 + 6*d - 11. Let r be w(-8). Suppose -20 = -r*i + i. List the prime factors of i.
5
Let t(k) = k**3 + k**2. Let v be t(3). Let c = -20 + v. What are the prime factors of c?
2
Let h(r) = -5 - 3*r + 9*r - 1 + 1. What are the prime factors of h(2)?
7
Suppose 3*h + 4 = -k + h, -4*k + 5*h + 36 = 0. Suppose k*m - m - 12 = 0. List the prime factors of m.
2
Let b(l) = -4*l + 11. Let n(s) = s - 12. Let a be n(6). What are the prime factors of b(a)?
5, 7
Let h(s) = -s**2 + 17*s - 14. What are the prime factors of h(11)?
2, 13
List the prime factors of ((-5)/(-1) - -331) + (-3)/(-1).
3, 113
Suppose 0 = 6*n - 126 - 666. What are the prime factors of n?
2, 3, 11
Suppose d + 0*d = 0, -3*a - 2*d - 9 = 0. What are the prime factors of 2 + (15 - a) + 0?
2, 5
What are the prime factors of (-4)/(-6) - (2 + 1010/(-15))?
2, 3, 11
Let p(q) be the second derivative of 0 - 1/2*q**3 - 3/2*q**2 + 4*q. List the prime factors of p(-4).
3
Suppose q - 1 + 4 = s, 4 = 2*s - 4*q. Let y = -4 + s. List the prime factors of y + 11 + (2 - 2).
11
What are the prime factors of 1617/9 - (-2)/(-3)?
179
Suppose -3 = d + 1. List the prime factors of (207/6)/(-3)*d.
2, 23
Let a be 2/(4*(-1)/22). Let g = a - -15. What are the prime factors of g?
2
Let r(x) = 1. Let y(p) = -3*p + 3*p + p - 21. Let q(u) = -5*r(u) - y(u). What are the prime factors of q(0)?
2
Suppose 0 = -4*z - 3*w + 4*w - 31, -4*z + 3*w - 29 = 0. Let a(v) = -2*v - 4*v**2 - 4*v**2 - 1 - v**3 - 3. What are the prime factors of a(z)?
2, 3
What are the prime factors of (-144)/(-3 + -1) - -1?
37
Suppose -4*s + 4*v + 80 = 0, 0 = -4*s - v + 2*v + 80. Suppose q - 3*q = -s. List the prime factors of q.
2, 5
Let l = 32 + -13. Suppose -l = 2*k - 7*k + 2*c, 5*k - 16 = 3*c. Suppose -3*w + 2*q + 48 = 0, -k*q + 61 = 5*w - 2*q. What are the prime factors of w?
2, 7
Suppose 2*p - 5*b + 3*b + 24 = 0, 0 = 2*p - 3*b + 28. What are the prime factors of 60/p*12/(-5)?
2, 3
List the prime factors of (-166)/(-8) - 3/(-12).
3, 7
Suppose z = 2*z - 206. What are the prime factors of z?
2, 103
Suppose 4*c = 2*c + 6. What are the prime factors of (-5)/3*(c + -6)?
5
Let u(n) = n**3 - 2*n**2 - 2*n + 3. Let o(v) = v - 2. Let c be o(-6). Let m = 11 + c. What are the prime factors of u(m)?
2, 3
Suppose 2 = 2*j, -u + 4*u - 2*j = 19. Suppose 2*r + 41 = u*r + 4*d, 5*r - 3*d - 48 = 0. List the prime factors of r.
3
Let g be ((-10)/(-4) - 3)*-32. Suppose -d - g = -4*l, 5*l + 8 = 3*d + 28. What are the prime factors of l?
2
Let o(x) = 4 + 45*x - x**3 - 5*x**2 - 33*x - 7*x**2. List the prime factors of o(-13).
17
Let m(n) = -n**2 - 9*n - 11. Let t be m(-8). What are the prime factors of 39 - 3/(t/(-1))?
2, 19
Suppose -2*s - 2 = -40. List the prime factors of s.
19
Suppose -2*f + 0*f + 10 = 0. Let r(s) = -s**3 + 5*s**2 + 6. List the prime factors of r(f).
2, 3
Suppose 2*c + 9 = -c. List the prime factors of (c/(-2) + -2)*-28.
2, 7
Let i(w) = 1 - 2 - 3 - 4*w - 8*w**2 + 2*w**2 - w**3. What are the prime factors of i(-6)?
2